{"id":16,"date":"2024-04-18T10:57:22","date_gmt":"2024-04-18T08:57:22","guid":{"rendered":"http:\/\/www.chorale-yadlavoix-landivisiau.fr\/wordpress\/?page_id=16"},"modified":"2024-04-18T13:20:51","modified_gmt":"2024-04-18T11:20:51","slug":"discographie","status":"publish","type":"page","link":"https:\/\/www.chorale-yadlavoix-landivisiau.fr\/wordpress\/discographie\/","title":{"rendered":"Discographie"},"content":{"rendered":"\n<figure class=\"wp-block-image size-full\"><img fetchpriority=\"high\" decoding=\"async\" width=\"888\" height=\"384\" src=\"http:\/\/www.chorale-yadlavoix-landivisiau.fr\/wordpress\/wp-content\/uploads\/2024\/04\/disque1.jpg\" alt=\"\" class=\"wp-image-77\" srcset=\"https:\/\/www.chorale-yadlavoix-landivisiau.fr\/wordpress\/wp-content\/uploads\/2024\/04\/disque1.jpg 888w, https:\/\/www.chorale-yadlavoix-landivisiau.fr\/wordpress\/wp-content\/uploads\/2024\/04\/disque1-300x130.jpg 300w, https:\/\/www.chorale-yadlavoix-landivisiau.fr\/wordpress\/wp-content\/uploads\/2024\/04\/disque1-768x332.jpg 768w\" sizes=\"(max-width: 888px) 100vw, 888px\" \/><\/figure>\n\n\n\n<p><\/p>\n\n\n\n<p>1er CD : \u00ab\u00a0premiers souffles \u00a0\u00bb fut&nbsp; enregistr\u00e9 en 2001 \u00e0 la chapelle de Saint Jacques avec de nombreux musiciens et le bagad de Landivisiau. Tir\u00e9 \u00e0 1000 exemplaires il fut \u00e9puis\u00e9 assez rapidement et demanda un retirage.Il est aujourd&rsquo;hui \u00e9puis\u00e9.<\/p>\n\n\n\n<figure class=\"wp-block-gallery has-nested-images columns-default is-cropped wp-block-gallery-1 is-layout-flex wp-block-gallery-is-layout-flex\">\n<figure class=\"wp-block-image size-large\"><img decoding=\"async\" width=\"437\" height=\"381\" data-id=\"88\" src=\"https:\/\/www.chorale-yadlavoix-landivisiau.fr\/wordpress\/wp-content\/uploads\/2024\/04\/disque2-r-2.jpg\" alt=\"\" class=\"wp-image-88\" srcset=\"https:\/\/www.chorale-yadlavoix-landivisiau.fr\/wordpress\/wp-content\/uploads\/2024\/04\/disque2-r-2.jpg 437w, https:\/\/www.chorale-yadlavoix-landivisiau.fr\/wordpress\/wp-content\/uploads\/2024\/04\/disque2-r-2-300x262.jpg 300w\" sizes=\"(max-width: 437px) 100vw, 437px\" \/><\/figure>\n\n\n\n<figure class=\"wp-block-image size-large\"><img decoding=\"async\" width=\"445\" height=\"381\" data-id=\"87\" src=\"https:\/\/www.chorale-yadlavoix-landivisiau.fr\/wordpress\/wp-content\/uploads\/2024\/04\/disque2-v.jpg\" alt=\"\" class=\"wp-image-87\" srcset=\"https:\/\/www.chorale-yadlavoix-landivisiau.fr\/wordpress\/wp-content\/uploads\/2024\/04\/disque2-v.jpg 445w, https:\/\/www.chorale-yadlavoix-landivisiau.fr\/wordpress\/wp-content\/uploads\/2024\/04\/disque2-v-300x257.jpg 300w\" sizes=\"(max-width: 445px) 100vw, 445px\" \/><\/figure>\n<\/figure>\n\n\n\n<p>2 \u00e8me CD : \u00ab\u00a0notes de voyages\u00a0\u00bb&nbsp; fut enregistr\u00e9 au studio \u00ab\u00a0vocation record\u00a0\u00bb de GUIPAVAS en 2004, \u00e9galement tir\u00e9 \u00e0 1000 exemplaires<\/p>\n\n\n\n<figure class=\"wp-block-gallery has-nested-images columns-default is-cropped wp-block-gallery-2 is-layout-flex wp-block-gallery-is-layout-flex\">\n<figure class=\"wp-block-image size-large\"><img loading=\"lazy\" decoding=\"async\" width=\"490\" height=\"385\" data-id=\"83\" src=\"http:\/\/www.chorale-yadlavoix-landivisiau.fr\/wordpress\/wp-content\/uploads\/2024\/04\/disque3-v-1.jpg\" alt=\"\" class=\"wp-image-83\" srcset=\"https:\/\/www.chorale-yadlavoix-landivisiau.fr\/wordpress\/wp-content\/uploads\/2024\/04\/disque3-v-1.jpg 490w, https:\/\/www.chorale-yadlavoix-landivisiau.fr\/wordpress\/wp-content\/uploads\/2024\/04\/disque3-v-1-300x236.jpg 300w\" sizes=\"(max-width: 490px) 100vw, 490px\" \/><\/figure>\n\n\n\n<figure class=\"wp-block-image size-large\"><img loading=\"lazy\" decoding=\"async\" width=\"386\" height=\"385\" data-id=\"84\" src=\"http:\/\/www.chorale-yadlavoix-landivisiau.fr\/wordpress\/wp-content\/uploads\/2024\/04\/disque3.jpg\" alt=\"\" class=\"wp-image-84\" srcset=\"https:\/\/www.chorale-yadlavoix-landivisiau.fr\/wordpress\/wp-content\/uploads\/2024\/04\/disque3.jpg 386w, https:\/\/www.chorale-yadlavoix-landivisiau.fr\/wordpress\/wp-content\/uploads\/2024\/04\/disque3-300x300.jpg 300w, https:\/\/www.chorale-yadlavoix-landivisiau.fr\/wordpress\/wp-content\/uploads\/2024\/04\/disque3-150x150.jpg 150w\" sizes=\"(max-width: 386px) 100vw, 386px\" \/><\/figure>\n<\/figure>\n\n\n\n<p>3 \u00e8me CD : \u00ab\u00a0la louve et le sanglier \u00a0\u00bb fut enregistr\u00e9 en 2005 dans le cadre d&rsquo;un vaste projet de com\u00e9die musicale avec l&rsquo;Orchestre des Musiques de la Flotte de BREST, Le Bagad de Landivisiau, 2 associations de danse landivisiennes et la chorale \u00a0\u00bb MOUEZ BRO LANDI\u00a0\u00bb. Cette com\u00e9die musicale fut int\u00e9gralement compos\u00e9e (musique et textes) par Jean Marc AMIS et donna lieu \u00e0 une repr\u00e9sentation devant 1300 spectateurs le samedi 9 juillet 2005 dans le parc de Cr\u00e9ac&rsquo;h Kelen \u00e0 Landivisiau.<\/p>\n\n\n\n<figure class=\"wp-block-gallery has-nested-images columns-default is-cropped wp-block-gallery-3 is-layout-flex wp-block-gallery-is-layout-flex\">\n<figure class=\"wp-block-image size-large\"><img loading=\"lazy\" decoding=\"async\" width=\"396\" height=\"395\" data-id=\"81\" src=\"http:\/\/www.chorale-yadlavoix-landivisiau.fr\/wordpress\/wp-content\/uploads\/2024\/04\/disque4-r-1.jpg\" alt=\"\" class=\"wp-image-81\" srcset=\"https:\/\/www.chorale-yadlavoix-landivisiau.fr\/wordpress\/wp-content\/uploads\/2024\/04\/disque4-r-1.jpg 396w, https:\/\/www.chorale-yadlavoix-landivisiau.fr\/wordpress\/wp-content\/uploads\/2024\/04\/disque4-r-1-300x300.jpg 300w, https:\/\/www.chorale-yadlavoix-landivisiau.fr\/wordpress\/wp-content\/uploads\/2024\/04\/disque4-r-1-150x150.jpg 150w\" sizes=\"(max-width: 396px) 100vw, 396px\" \/><\/figure>\n\n\n\n<figure class=\"wp-block-image size-large\"><img loading=\"lazy\" decoding=\"async\" width=\"484\" height=\"395\" data-id=\"82\" src=\"http:\/\/www.chorale-yadlavoix-landivisiau.fr\/wordpress\/wp-content\/uploads\/2024\/04\/disque4-v.jpg\" alt=\"\" class=\"wp-image-82\" srcset=\"https:\/\/www.chorale-yadlavoix-landivisiau.fr\/wordpress\/wp-content\/uploads\/2024\/04\/disque4-v.jpg 484w, https:\/\/www.chorale-yadlavoix-landivisiau.fr\/wordpress\/wp-content\/uploads\/2024\/04\/disque4-v-300x245.jpg 300w\" sizes=\"(max-width: 484px) 100vw, 484px\" \/><\/figure>\n<\/figure>\n\n\n\n<p>4 \u00e8me CD : \u00ab\u00a0Implacable \u00e0 cappella\u00a0\u00bb fut enregistr\u00e9 le 13 novembre 2010 \u00e0 la Maison de la musique de Landivisiau , sous la direction de Gr\u00e9goire Jandin et tir\u00e9 \u00e0 1000 exemplaires.<\/p>\n\n\n\n<p>Vous pouvez retrouver nos CD lors de nos repr\u00e9sentations au prix de 10 euros l&rsquo;unit\u00e9 et           20 euros les trois.<\/p>\n","protected":false},"excerpt":{"rendered":"<p>1er CD : \u00ab\u00a0premiers souffles \u00a0\u00bb fut&nbsp; enregistr\u00e9 en 2001 \u00e0 la chapelle de Saint Jacques avec de nombreux musiciens et le bagad de Landivisiau. Tir\u00e9 \u00e0 1000 exemplaires il fut \u00e9puis\u00e9 assez rapidement et demanda un retirage.Il est aujourd&rsquo;hui &hellip; <a href=\"https:\/\/www.chorale-yadlavoix-landivisiau.fr\/wordpress\/discographie\/\">Continuer la lecture <span class=\"meta-nav\">&rarr;<\/span><\/a><\/p>\n","protected":false},"author":1,"featured_media":0,"parent":0,"menu_order":0,"comment_status":"closed","ping_status":"closed","template":"","meta":{"h5ap_radio_sources":[],"footnotes":""},"class_list":["post-16","page","type-page","status-publish","hentry"],"_links":{"self":[{"href":"https:\/\/www.chorale-yadlavoix-landivisiau.fr\/wordpress\/wp-json\/wp\/v2\/pages\/16","targetHints":{"allow":["GET"]}}],"collection":[{"href":"https:\/\/www.chorale-yadlavoix-landivisiau.fr\/wordpress\/wp-json\/wp\/v2\/pages"}],"about":[{"href":"https:\/\/www.chorale-yadlavoix-landivisiau.fr\/wordpress\/wp-json\/wp\/v2\/types\/page"}],"author":[{"embeddable":true,"href":"https:\/\/www.chorale-yadlavoix-landivisiau.fr\/wordpress\/wp-json\/wp\/v2\/users\/1"}],"replies":[{"embeddable":true,"href":"https:\/\/www.chorale-yadlavoix-landivisiau.fr\/wordpress\/wp-json\/wp\/v2\/comments?post=16"}],"version-history":[{"count":3,"href":"https:\/\/www.chorale-yadlavoix-landivisiau.fr\/wordpress\/wp-json\/wp\/v2\/pages\/16\/revisions"}],"predecessor-version":[{"id":89,"href":"https:\/\/www.chorale-yadlavoix-landivisiau.fr\/wordpress\/wp-json\/wp\/v2\/pages\/16\/revisions\/89"}],"wp:attachment":[{"href":"https:\/\/www.chorale-yadlavoix-landivisiau.fr\/wordpress\/wp-json\/wp\/v2\/media?parent=16"}],"curies":[{"name":"wp","href":"https:\/\/api.w.org\/{rel}","templated":true}]}}

<figure class="wp-block-image size-full"><img fetchpriority="high" decoding="async" width="888" height="384" src="http://www.chorale-yadlavoix-landivisiau.fr/wordpress/wp-content/uploads/2024/04/disque1.jpg" alt="" class="wp-image-77" srcset="https://www.chorale-yadlavoix-landivisiau.fr/wordpress/wp-content/uploads/2024/04/disque1.jpg 888w, https://www.chorale-yadlavoix-landivisiau.fr/wordpress/wp-content/uploads/2024/04/disque1-300x130.jpg 300w, https://www.chorale-yadlavoix-landivisiau.fr/wordpress/wp-content/uploads/2024/04/disque1-768x332.jpg 768w" sizes="(max-width: 888px) 100vw, 888px" /></figure>



<p></p>



<p>1er CD : « premiers souffles  » fut&nbsp; enregistré en 2001 à la chapelle de Saint Jacques avec de nombreux musiciens et le bagad de Landivisiau. Tiré à 1000 exemplaires il fut épuisé assez rapidement et demanda un retirage.Il est aujourd&rsquo;hui épuisé.</p>



<figure class="wp-block-gallery has-nested-images columns-default is-cropped wp-block-gallery-1 is-layout-flex wp-block-gallery-is-layout-flex">
<figure class="wp-block-image size-large"><img decoding="async" width="437" height="381" data-id="88" src="https://www.chorale-yadlavoix-landivisiau.fr/wordpress/wp-content/uploads/2024/04/disque2-r-2.jpg" alt="" class="wp-image-88" srcset="https://www.chorale-yadlavoix-landivisiau.fr/wordpress/wp-content/uploads/2024/04/disque2-r-2.jpg 437w, https://www.chorale-yadlavoix-landivisiau.fr/wordpress/wp-content/uploads/2024/04/disque2-r-2-300x262.jpg 300w" sizes="(max-width: 437px) 100vw, 437px" /></figure>



<figure class="wp-block-image size-large"><img decoding="async" width="445" height="381" data-id="87" src="https://www.chorale-yadlavoix-landivisiau.fr/wordpress/wp-content/uploads/2024/04/disque2-v.jpg" alt="" class="wp-image-87" srcset="https://www.chorale-yadlavoix-landivisiau.fr/wordpress/wp-content/uploads/2024/04/disque2-v.jpg 445w, https://www.chorale-yadlavoix-landivisiau.fr/wordpress/wp-content/uploads/2024/04/disque2-v-300x257.jpg 300w" sizes="(max-width: 445px) 100vw, 445px" /></figure>
</figure>



<p>2 ème CD : « notes de voyages »&nbsp; fut enregistré au studio « vocation record » de GUIPAVAS en 2004, également tiré à 1000 exemplaires</p>



<figure class="wp-block-gallery has-nested-images columns-default is-cropped wp-block-gallery-2 is-layout-flex wp-block-gallery-is-layout-flex">
<figure class="wp-block-image size-large"><img loading="lazy" decoding="async" width="490" height="385" data-id="83" src="http://www.chorale-yadlavoix-landivisiau.fr/wordpress/wp-content/uploads/2024/04/disque3-v-1.jpg" alt="" class="wp-image-83" srcset="https://www.chorale-yadlavoix-landivisiau.fr/wordpress/wp-content/uploads/2024/04/disque3-v-1.jpg 490w, https://www.chorale-yadlavoix-landivisiau.fr/wordpress/wp-content/uploads/2024/04/disque3-v-1-300x236.jpg 300w" sizes="(max-width: 490px) 100vw, 490px" /></figure>



<figure class="wp-block-image size-large"><img loading="lazy" decoding="async" width="386" height="385" data-id="84" src="http://www.chorale-yadlavoix-landivisiau.fr/wordpress/wp-content/uploads/2024/04/disque3.jpg" alt="" class="wp-image-84" srcset="https://www.chorale-yadlavoix-landivisiau.fr/wordpress/wp-content/uploads/2024/04/disque3.jpg 386w, https://www.chorale-yadlavoix-landivisiau.fr/wordpress/wp-content/uploads/2024/04/disque3-300x300.jpg 300w, https://www.chorale-yadlavoix-landivisiau.fr/wordpress/wp-content/uploads/2024/04/disque3-150x150.jpg 150w" sizes="(max-width: 386px) 100vw, 386px" /></figure>
</figure>



<p>3 ème CD : « la louve et le sanglier  » fut enregistré en 2005 dans le cadre d&rsquo;un vaste projet de comédie musicale avec l&rsquo;Orchestre des Musiques de la Flotte de BREST, Le Bagad de Landivisiau, 2 associations de danse landivisiennes et la chorale  » MOUEZ BRO LANDI ». Cette comédie musicale fut intégralement composée (musique et textes) par Jean Marc AMIS et donna lieu à une représentation devant 1300 spectateurs le samedi 9 juillet 2005 dans le parc de Créac&rsquo;h Kelen à Landivisiau.</p>



<figure class="wp-block-gallery has-nested-images columns-default is-cropped wp-block-gallery-3 is-layout-flex wp-block-gallery-is-layout-flex">
<figure class="wp-block-image size-large"><img loading="lazy" decoding="async" width="396" height="395" data-id="81" src="http://www.chorale-yadlavoix-landivisiau.fr/wordpress/wp-content/uploads/2024/04/disque4-r-1.jpg" alt="" class="wp-image-81" srcset="https://www.chorale-yadlavoix-landivisiau.fr/wordpress/wp-content/uploads/2024/04/disque4-r-1.jpg 396w, https://www.chorale-yadlavoix-landivisiau.fr/wordpress/wp-content/uploads/2024/04/disque4-r-1-300x300.jpg 300w, https://www.chorale-yadlavoix-landivisiau.fr/wordpress/wp-content/uploads/2024/04/disque4-r-1-150x150.jpg 150w" sizes="(max-width: 396px) 100vw, 396px" /></figure>



<figure class="wp-block-image size-large"><img loading="lazy" decoding="async" width="484" height="395" data-id="82" src="http://www.chorale-yadlavoix-landivisiau.fr/wordpress/wp-content/uploads/2024/04/disque4-v.jpg" alt="" class="wp-image-82" srcset="https://www.chorale-yadlavoix-landivisiau.fr/wordpress/wp-content/uploads/2024/04/disque4-v.jpg 484w, https://www.chorale-yadlavoix-landivisiau.fr/wordpress/wp-content/uploads/2024/04/disque4-v-300x245.jpg 300w" sizes="(max-width: 484px) 100vw, 484px" /></figure>
</figure>



<p>4 ème CD : « Implacable à cappella » fut enregistré le 13 novembre 2010 à la Maison de la musique de Landivisiau , sous la direction de Grégoire Jandin et tiré à 1000 exemplaires.</p>



<p>Vous pouvez retrouver nos CD lors de nos représentations au prix de 10 euros l&rsquo;unité et           20 euros les trois.</p>

<p>1er CD : « premiers souffles  » fut&nbsp; enregistré en 2001 à la chapelle de Saint Jacques avec de nombreux musiciens et le bagad de Landivisiau. Tiré à 1000 exemplaires il fut épuisé assez rapidement et demanda un retirage.Il est aujourd&rsquo;hui &hellip; <a href="https://www.chorale-yadlavoix-landivisiau.fr/wordpress/discographie/">Continuer la lecture <span class="meta-nav">&rarr;</span></a></p>
