{"id":18,"date":"2024-04-18T10:57:49","date_gmt":"2024-04-18T08:57:49","guid":{"rendered":"http:\/\/www.chorale-yadlavoix-landivisiau.fr\/wordpress\/?page_id=18"},"modified":"2024-04-18T12:59:24","modified_gmt":"2024-04-18T10:59:24","slug":"historique","status":"publish","type":"page","link":"https:\/\/www.chorale-yadlavoix-landivisiau.fr\/wordpress\/historique\/","title":{"rendered":"Historique"},"content":{"rendered":"\n<p>De la naissance \u00e0 nos jours:<br>\u00a0<br>\u00a0 \u00a0 N\u00e9e en 1995, elle fut d\u2019abord int\u00e9gr\u00e9e \u00e0 l&rsquo;\u00e9cole de musique pour adolescents\u00a0<br>De nombreux parents ayant manifest\u00e9 leur d\u00e9sir de chanter, c\u2019est sous la baguette de Jean-Marc AMIS, chef de ch\u0153ur et fondateur\u00a0 que notre chorale prit v\u00e9ritablement son envol.<br>\u00a0<br>\u00a0 \u00a0 L&rsquo;association fut donc cr\u00e9e en 1996 et baptis\u00e9e \u00ab Y&rsquo;A D&rsquo;LA VOIX \u00bb, en accord avec la chanson de Charles TRENET qui symbolise bien l&rsquo;esprit de cette chorale.<br>\u00a0<br>\u00a0 \u00a0 Le premier concert eut lieu lors de la f\u00eate de la musique en juin 1996 au parc de Kr\u00e9ac&rsquo;h kelenn. L\u2019ann\u00e9e suivante deux concerts \u00e0 la salle des f\u00eates r\u00e9unirent 700\u00a0 spectateurs.<br>\u00a0<br>\u00a0 \u00a0 Pour plusieurs raisons, la chorale,\u00a0 en accord avec la municipalit\u00e9 de l&rsquo;\u00e9poque, souhaita prendre son\u00a0 ind\u00e9pendance, avec l&rsquo;autorisation d&rsquo;utiliser les locaux de l&rsquo;Ecole de Musique du Manoir de Kr\u00e9ac\u2019h Kelenn, puis ceux de l\u2019ancienne clinique de la rue Mangin et enfin La Maison de la Musique de Kerzuguel o\u00f9 nous r\u00e9p\u00e9tons aujourd\u2019hui.<br>\u00a0<br>\u00a0 \u00a0 L\u2019effectif\u00a0 a tr\u00e8s vite \u00e9volu\u00e9\u00a0 pour atteindre\u00a0 le record de 100 choristes. En r\u00e9alit\u00e9 depuis l\u2019origine \u00e0 ce jour, il a vari\u00e9 de 60 \u00e0 100 choristes pour se stabiliser aux environs de\u00a0 70.\u00a0 Nous sommes 74\u00a0 choristes pour la saison 2015-2016<br>\u00a0<br>Changement de direction:<br>\u00a0<br>\u00a0 \u00a0 En 2006, Jean-Marc s\u2019accorde une pause \u00e0 notre grand regret et passe la main \u00e0 un nouveau chef de ch\u0153ur morlaisien\u00a0 Gr\u00e9goire JANDIN.<br>Gr\u00e9goire assurera la direction pendant 6 ans.<br>Le r\u00e9pertoire est l\u00e9g\u00e8rement modifi\u00e9 sans oublier l\u2019ancien.<br>\u00a0<br>\u00a0 \u00a0 En 2012\u00a0 Jean Marc en pleine forme reprend la direction.<br>\u00a0<br>Les pr\u00e9sidents (es) de la chorale:<br>\u00a0<br>&#8211; Ren\u00e9 POSTEC\u00a0 1996 \u00e0 2002<br>\u00a0<br>&#8211; Antoine VICARIOT\u00a0 2002 \u00e0 2008<br>\u00a0<br>&#8211; Chantal HAREL\u00a0 2008 \u00e0 2014<br>\u00a0<br>&#8211; Jane MEUDEC\u00a0 2014 \u00e0 2019<br>\u00a0<br>&#8211; Irene VASCO BRAEM 2019<br><\/p>\n","protected":false},"excerpt":{"rendered":"<p>De la naissance \u00e0 nos jours:\u00a0\u00a0 \u00a0 N\u00e9e en 1995, elle fut d\u2019abord int\u00e9gr\u00e9e \u00e0 l&rsquo;\u00e9cole de musique pour adolescents\u00a0De nombreux parents ayant manifest\u00e9 leur d\u00e9sir de chanter, c\u2019est sous la baguette de Jean-Marc AMIS, chef de ch\u0153ur et fondateur\u00a0 &hellip; <a href=\"https:\/\/www.chorale-yadlavoix-landivisiau.fr\/wordpress\/historique\/\">Continuer la lecture <span class=\"meta-nav\">&rarr;<\/span><\/a><\/p>\n","protected":false},"author":1,"featured_media":0,"parent":0,"menu_order":0,"comment_status":"closed","ping_status":"closed","template":"","meta":{"h5ap_radio_sources":[],"footnotes":""},"class_list":["post-18","page","type-page","status-publish","hentry"],"_links":{"self":[{"href":"https:\/\/www.chorale-yadlavoix-landivisiau.fr\/wordpress\/wp-json\/wp\/v2\/pages\/18","targetHints":{"allow":["GET"]}}],"collection":[{"href":"https:\/\/www.chorale-yadlavoix-landivisiau.fr\/wordpress\/wp-json\/wp\/v2\/pages"}],"about":[{"href":"https:\/\/www.chorale-yadlavoix-landivisiau.fr\/wordpress\/wp-json\/wp\/v2\/types\/page"}],"author":[{"embeddable":true,"href":"https:\/\/www.chorale-yadlavoix-landivisiau.fr\/wordpress\/wp-json\/wp\/v2\/users\/1"}],"replies":[{"embeddable":true,"href":"https:\/\/www.chorale-yadlavoix-landivisiau.fr\/wordpress\/wp-json\/wp\/v2\/comments?post=18"}],"version-history":[{"count":2,"href":"https:\/\/www.chorale-yadlavoix-landivisiau.fr\/wordpress\/wp-json\/wp\/v2\/pages\/18\/revisions"}],"predecessor-version":[{"id":73,"href":"https:\/\/www.chorale-yadlavoix-landivisiau.fr\/wordpress\/wp-json\/wp\/v2\/pages\/18\/revisions\/73"}],"wp:attachment":[{"href":"https:\/\/www.chorale-yadlavoix-landivisiau.fr\/wordpress\/wp-json\/wp\/v2\/media?parent=18"}],"curies":[{"name":"wp","href":"https:\/\/api.w.org\/{rel}","templated":true}]}}

<p>De la naissance à nos jours:<br> <br>    Née en 1995, elle fut d’abord intégrée à l&rsquo;école de musique pour adolescents <br>De nombreux parents ayant manifesté leur désir de chanter, c’est sous la baguette de Jean-Marc AMIS, chef de chœur et fondateur  que notre chorale prit véritablement son envol.<br> <br>    L&rsquo;association fut donc crée en 1996 et baptisée « Y&rsquo;A D&rsquo;LA VOIX », en accord avec la chanson de Charles TRENET qui symbolise bien l&rsquo;esprit de cette chorale.<br> <br>    Le premier concert eut lieu lors de la fête de la musique en juin 1996 au parc de Kréac&rsquo;h kelenn. L’année suivante deux concerts à la salle des fêtes réunirent 700  spectateurs.<br> <br>    Pour plusieurs raisons, la chorale,  en accord avec la municipalité de l&rsquo;époque, souhaita prendre son  indépendance, avec l&rsquo;autorisation d&rsquo;utiliser les locaux de l&rsquo;Ecole de Musique du Manoir de Kréac’h Kelenn, puis ceux de l’ancienne clinique de la rue Mangin et enfin La Maison de la Musique de Kerzuguel où nous répétons aujourd’hui.<br> <br>    L’effectif  a très vite évolué  pour atteindre  le record de 100 choristes. En réalité depuis l’origine à ce jour, il a varié de 60 à 100 choristes pour se stabiliser aux environs de  70.  Nous sommes 74  choristes pour la saison 2015-2016<br> <br>Changement de direction:<br> <br>    En 2006, Jean-Marc s’accorde une pause à notre grand regret et passe la main à un nouveau chef de chœur morlaisien  Grégoire JANDIN.<br>Grégoire assurera la direction pendant 6 ans.<br>Le répertoire est légèrement modifié sans oublier l’ancien.<br> <br>    En 2012  Jean Marc en pleine forme reprend la direction.<br> <br>Les présidents (es) de la chorale:<br> <br>&#8211; René POSTEC  1996 à 2002<br> <br>&#8211; Antoine VICARIOT  2002 à 2008<br> <br>&#8211; Chantal HAREL  2008 à 2014<br> <br>&#8211; Jane MEUDEC  2014 à 2019<br> <br>&#8211; Irene VASCO BRAEM 2019<br></p>

<p>De la naissance à nos jours:     Née en 1995, elle fut d’abord intégrée à l&rsquo;école de musique pour adolescents De nombreux parents ayant manifesté leur désir de chanter, c’est sous la baguette de Jean-Marc AMIS, chef de chœur et fondateur  &hellip; <a href="https://www.chorale-yadlavoix-landivisiau.fr/wordpress/historique/">Continuer la lecture <span class="meta-nav">&rarr;</span></a></p>
