{"id":577,"date":"2024-04-22T18:00:46","date_gmt":"2024-04-22T16:00:46","guid":{"rendered":"https:\/\/www.chorale-yadlavoix-landivisiau.fr\/wordpress\/?page_id=577"},"modified":"2024-04-22T18:00:46","modified_gmt":"2024-04-22T16:00:46","slug":"mentions-legales","status":"publish","type":"page","link":"https:\/\/www.chorale-yadlavoix-landivisiau.fr\/wordpress\/mentions-legales\/","title":{"rendered":"Mentions l\u00e9gales"},"content":{"rendered":"\n<p><br>Association \u00ab\u00a0Y&rsquo;a d&rsquo;la voix\u00a0\u00bb<br><br>Si\u00e8ge social : 5 rue des hortensias<br>                        29450 Sizun<\/p>\n\n\n\n<p>Contact :  06 66 26 90 83<br><br>Directrice de la publication : Irene Vasco Braem (pr\u00e9sidente) <\/p>\n\n\n\n<p>Site h\u00e9berg\u00e9 par OVH, 2 rue Kellermann &#8211; 59100 Roubaix<br>                              <\/p>\n","protected":false},"excerpt":{"rendered":"<p>Association \u00ab\u00a0Y&rsquo;a d&rsquo;la voix\u00a0\u00bb Si\u00e8ge social : 5 rue des hortensias 29450 Sizun Contact : 06 66 26 90 83 Directrice de la publication : Irene Vasco Braem (pr\u00e9sidente) Site h\u00e9berg\u00e9 par OVH, 2 rue Kellermann &#8211; 59100 Roubaix<\/p>\n","protected":false},"author":1,"featured_media":0,"parent":0,"menu_order":0,"comment_status":"closed","ping_status":"closed","template":"","meta":{"h5ap_radio_sources":[],"footnotes":""},"class_list":["post-577","page","type-page","status-publish","hentry"],"_links":{"self":[{"href":"https:\/\/www.chorale-yadlavoix-landivisiau.fr\/wordpress\/wp-json\/wp\/v2\/pages\/577","targetHints":{"allow":["GET"]}}],"collection":[{"href":"https:\/\/www.chorale-yadlavoix-landivisiau.fr\/wordpress\/wp-json\/wp\/v2\/pages"}],"about":[{"href":"https:\/\/www.chorale-yadlavoix-landivisiau.fr\/wordpress\/wp-json\/wp\/v2\/types\/page"}],"author":[{"embeddable":true,"href":"https:\/\/www.chorale-yadlavoix-landivisiau.fr\/wordpress\/wp-json\/wp\/v2\/users\/1"}],"replies":[{"embeddable":true,"href":"https:\/\/www.chorale-yadlavoix-landivisiau.fr\/wordpress\/wp-json\/wp\/v2\/comments?post=577"}],"version-history":[{"count":1,"href":"https:\/\/www.chorale-yadlavoix-landivisiau.fr\/wordpress\/wp-json\/wp\/v2\/pages\/577\/revisions"}],"predecessor-version":[{"id":579,"href":"https:\/\/www.chorale-yadlavoix-landivisiau.fr\/wordpress\/wp-json\/wp\/v2\/pages\/577\/revisions\/579"}],"wp:attachment":[{"href":"https:\/\/www.chorale-yadlavoix-landivisiau.fr\/wordpress\/wp-json\/wp\/v2\/media?parent=577"}],"curies":[{"name":"wp","href":"https:\/\/api.w.org\/{rel}","templated":true}]}}

Mentions légales

<p><br>Association « Y&rsquo;a d&rsquo;la voix »<br><br>Siège social : 5 rue des hortensias<br>                        29450 Sizun</p>



<p>Contact :  06 66 26 90 83<br><br>Directrice de la publication : Irene Vasco Braem (présidente) </p>



<p>Site hébergé par OVH, 2 rue Kellermann &#8211; 59100 Roubaix<br>                              </p>

<p>Association « Y&rsquo;a d&rsquo;la voix » Siège social : 5 rue des hortensias 29450 Sizun Contact : 06 66 26 90 83 Directrice de la publication : Irene Vasco Braem (présidente) Site hébergé par OVH, 2 rue Kellermann &#8211; 59100 Roubaix</p>
